 is -15 (base 9) in base 3?
-112
What is -12 (base 13) in base 6?
-23
Convert 30 (base 11) to base 4.
201
123 (base 9) to base 4
1212
What is 27 (base 10) in base 2?
11011
What is -56 (base 9) in base 3?
-1220
Convert -11 (base 3) to base 14.
-4
What is 132 (base 4) in base 11?
28
Convert -2 (base 16) to base 8.
-2
Convert -8 (base 16) to base 14.
-8
5 (base 15) to base 12
5
Convert 17 (base 11) to base 7.
24
28 (base 10) to base 12
24
What is -1 (base 12) in base 2?
-1
What is 14 (base 10) in base 9?
15
Convert -19 (base 16) to base 12.
-21
What is 2 (base 9) in base 6?
2
Convert -50 (base 16) to base 15.
-55
2 (base 11) to base 9
2
Convert 53 (base 11) to base 6.
134
Convert 22 (base 14) to base 5.
110
Convert 130 (base 5) to base 13.
31
What is 81 (base 15) in base 3?
11111
172 (base 8) to base 16
7a
Convert 11010 (base 2) to base 7.
35
Convert 40 (base 14) to base 3.
2002
What is -1 (base 9) in base 8?
-1
What is -103 (base 4) in base 6?
-31
Convert -119 (base 16) to base 13.
-188
1001000 (base 2) to base 3
2200
Convert 21 (base 3) to base 6.
11
What is -3 (base 11) in base 12?
-3
Convert 2 (base 16) to base 4.
2
Convert 14 (base 9) to base 12.
11
2 (base 8) to base 5
2
Convert -148 (base 13) to base 7.
-445
-37 (base 12) to base 8
-53
12 (base 10) to base 6
20
What is -3 (base 5) in base 2?
-11
Convert 1100 (base 2) to base 15.
c
Convert -4c (base 14) to base 5.
-233
26 (base 15) to base 13
2a
What is 2 (base 11) in base 14?
2
2 (base 4) to base 10
2
5 (base 7) to base 14
5
100 (base 3) to base 14
9
-3 (base 8) to base 15
-3
12 (base 4) to base 15
6
What is 1b (base 16) in base 8?
33
Convert 10 (base 4) to base 15.
4
Convert -a (base 12) to base 5.
-20
Convert 2b (base 15) to base 8.
51
What is 3 (base 16) in base 8?
3
What is -3 (base 14) in base 13?
-3
Convert -1 (base 6) to base 16.
-1
What is -101 (base 2) in base 16?
-5
What is 100 (base 6) in base 13?
2a
What is -72 (base 11) in base 12?
-67
What is -f (base 16) in base 11?
-14
60 (base 7) to base 16
2a
65 (base 12) to base 9
85
-2 (base 7) to base 15
-2
What is -3 (base 11) in base 3?
-10
2 (base 13) to base 5
2
What is 5 (base 6) in base 16?
5
What is 103 (base 5) in base 7?
40
What is 3 (base 15) in base 14?
3
Convert 5a (base 11) to base 4.
1001
Convert -15 (base 13) to base 14.
-14
-5 (base 7) to base 14
-5
Convert 5 (base 9) to base 15.
5
What is -233 (base 10) in base 13?
-14c
2 (base 8) to base 6
2
11 (base 15) to base 3
121
Convert 24 (base 6) to base 13.
13
3 (base 7) to base 9
3
Convert -3 (base 14) to base 13.
-3
What is -101 (base 4) in base 13?
-14
-2 (base 15) to base 5
-2
Convert -4e (base 16) to base 8.
-116
What is 1042 (base 7) in base 6?
1421
133 (base 4) to base 2
11111
Convert 10001 (base 2) to base 4.
101
2 (base 5) to base 6
2
-37 (base 13) to base 2
-101110
-102 (base 6) to base 7
-53
What is -12 (base 4) in base 12?
-6
What is 12211 (base 3) in base 10?
157
Convert 6 (base 9) to base 10.
6
Convert -123 (base 4) to base 2.
-11011
Convert -336 (base 8) to base 10.
-222
What is 11001110 (base 2) in base 4?
3032
Convert -3 (base 16) to base 9.
-3
What is -213 (base 5) in base 10?
-58
Convert 3 (base 12) to base 11.
3
7 (base 12) to base 11
7
What is 2 (base 11) in base 9?
2
-4 (base 13) to base 16
-4
51 (base 6) to base 16
1f
What is 50 (base 6) in base 15?
20
-24 (base 10) to base 15
-19
201 (base 6) to base 10
73
What is 2 (base 7) in base 11?
2
Convert 10 (base 4) to base 3.
11
-17 (base 12) to base 10
-19
2 (base 11) to base 8
2
-2 (base 4) to base 5
-2
Convert -106 (base 10) to base 15.
-71
Convert -72 (base 9) to base 4.
-1001
-3 (base 13) to base 11
-3
Convert -1a4 (base 12) to base 7.
-532
-12c (base 14) to base 4
-3230
Convert -1 (base 4) to base 16.
-1
What is 4 (base 9) in base 7?
4
-110 (base 5) to base 12
-26
What is 49 (base 13) in base 9?
67
What is 0 (base 16) in base 9?
0
What is 70 (base 11) in base 12?
65
102 (base 4) to base 3
200
Convert -5 (base 6) to base 11.
-5
What is ab (base 15) in base 4?
2201
Convert -10 (base 9) to base 6.
-13
-34 (base 16) to base 11
-48
Convert 302 (base 5) to base 9.
85
18 (base 13) to base 14
17
Convert 8 (base 14) to base 8.
10
Convert -1 (base 15) to base 12.
-1
Convert -161 (base 12) to base 7.
-430
What is -100011 (base 2) in base 9?
-38
Convert -3 (base 16) to base 3.
-10
Convert -4 (base 15) to base 3.
-11
-2 (base 16) to base 8
-2
Convert 10 (base 5) to base 14.
5
What is -2 (base 15) in base 16?
-2
What is 6 (base 10) in base 6?
10
Convert 2 (base 16) to base 4.
2
Convert -d (base 14) to base 15.
-d
What is -2 (base 5) in base 10?
-2
Convert 2 (base 11) to base 5.
2
What is -1111 (base 4) in base 13?
-67
Convert 46 (base 8) to base 3.
1102
-56 (base 12) to base 4
-1002
Convert -1 (base 14) to base 11.
-1
What is 0 (base 14) in base 6?
0
Convert -114 (base 8) to base 6.
-204
1a (base 11) to base 8
25
-72 (base 9) to base 5
-230
-10 (base 7) to base 12
-7
7 (base 10) to base 6
11
-6 (base 16) to base 9
-6
-48 (base 9) to base 6
-112
Convert -4 (base 10) to base 15.
-4
What is -2 (base 5) in base 12?
-2
What is 2120 (base 3) in base 4?
1011
Convert -1101110 (base 2) to base 5.
-420
22 (base 15) to base 7
44
Convert 16 (base 12) to base 4.
102
Convert 0 (base 6) to base 10.
0
What is -32 (base 6) in base 12?
-18
10121 (base 4) to base 9
342
-3 (base 7) to base 14
-3
What is -240 (base 7) in base 10?
-126
Convert 3 (base 14) to base 6.
3
22 (base 8) to base 9
20
-4a (base 16) to base 12
-62
103 (base 5) to base 9
31
Convert -114 (base 6) to base 12.
-3a
-10 (base 11) to base 3
-102
Convert 10 (base 6) to base 5.
11
Convert -122 (base 4) to base 12.
-22
Convert -2 (base 7) to base 15.
-2
-2 (base 15) to base 5
-2
What is 4 (base 8) in base 4?
10
Convert 2 (base 13) to base 14.
2
4c (base 13) to base 15
44
Convert 25 (base 14) to base 5.
113
Convert 40 (base 7) to base 12.
24
What is -23 (base 7) in base 11?
-16
What is -11000111 (base 2) in base 4?
-3013
What is -1 (base 9) in base 6?
-1
What is -142 (base 6) in base 15?
-42
Convert 2 (base 14) to base 4.
2
Convert 2 (base 8) to base 7.
2
What is 355 (base 7) in base 9?
227
1031 (base 6) to base 5
1420
Convert 25 (base 7) to base 16.
13
What is -39 (base 10) in base 14?
-2b
What is -132 (base 6) in base 10?
-56
What is -111 (base 2) in base 13?
-7
Convert 2123 (base 4) to base 10.
155
Convert 79 (base 12) to base 4.
1131
What is 23 (base 5) in base 8?
15
What is -20 (base 14) in base 5?
-103
Convert -102 (base 3) to base 13.
-b
1d (base 16) to base 6
45
Convert 414 (base 6) to base 15.
a4
2 (base 7) to base 8
2
Convert -100 (base 2) to base 5.
-4
What is 210 (base 4) in base 12?
30
What is -17 (base 14) in base 13?
-18
-3 (base 5) to base 8
-3
Convert 27 (base 15) to base 3.
1101
Convert -213 (base 4) to base 7.
-54
What is 2 (base 4) in base 6?
2
Convert 12 (base 16) to base 12.
16
What is -1 (base 10) in base 11?
-1
Convert 43 (base 8) to base 7.
50
What is -1 (base 15) in base 11?
-1
-9e (base 16) to base 14
-b4
What is -2 (base 4) in base 13?
-2
Convert -2 (base 16) to base 7.
-2
Convert 11001000 (base 2) to base 16.
c8
-203 (base 10) to base 4
-3023
23 (base 4) to base 12
b
Convert -9 (base 11) to base 2.
-1001
14 (base 13) to base 16
11
What is -3 (base 7) in base 4?
-3
What is -1053 (base 7) in base 6?
-1433
Convert -35 (base 7) to base 9.
-28
Convert -6 (base 16) to base 13.
-6
-8 (base 11) to base 13
-8
What is 0 (base 9) in base 8?
0
What is -3 (base 15) in base 3?
-10
-1 (base 4) to base 14
-1
What is 100 (base 7) in base 2?
110001
Convert 16 (base 9) to base 7.
21
Convert 222 (base 4) to base 5.
132
Convert 51 (base 16) to base 15.
56
Convert -10010 (base 2) to base 12.
-16
-10 (base 8) to base 12
-8
What is 1100111 (base 2) in base 12?
87
-10010 (base 2) to base 10
-18
44 (base 7) to base 16
20
Convert -3 (base 6) to base 2.
-11
What is 0 (base 14) in base 11?
0
Convert -50 (base 14) to base 10.
-70
Convert 26 (base 16) to base 8.
46
Convert 2 (base 4) to base 2.
10
Convert 2211 (base 4) to base 2.
10100101
13 (base 5) to base 7
11
Convert -103 (base 9) to base 11.
-77
Convert 46 (base 9) to base 10.
42
Convert -8 (base 16) to base 4.
-20
Convert 1 (base 7) to base 8.
1
What is -14 (base 9) in base 2?
-1101
-10 (base 4) to base 15
-4
-22 (ba